factor of p and 17.
17
Let u be (-2798)/(-6) - 2605/(-1563). What is the greatest common divisor of u and 1040?
52
Suppose -2*y + 560 = -4*w, 353 = 5*y + 3*w - 1060. Calculate the highest common divisor of 7520 and y.
94
Let u be (-18)/135 + 184/30. Suppose u*n + 1 = -5. Let v be 3/(-1)*1 - (n - 3). What is the greatest common factor of 2 and v?
1
Let t = 100 - 100. Suppose t = 16*k - k - 1245. Suppose 4*g - k + 63 = 0. Calculate the greatest common divisor of 1 and g.
1
Let o = 104 - 96. Suppose 0 = 10*r - o*r + 170. Let t = r - -90. What is the highest common divisor of 40 and t?
5
Suppose -48 = -2*a - 2*a. Let p be ((-36)/(-8))/(2/a). Suppose 33*v - 21*v - 234 = -v. Calculate the greatest common divisor of p and v.
9
Suppose 0 = -3*y, n = -0*y + 5*y + 12. Let g be 2*1 - -2*(n - -7). Let u be (g + 0)/(22/33). What is the greatest common factor of 45 and u?
15
Suppose -5*w + 5*g + 580 = 0, -w + 79 = g - 39. Let h be ((-7020)/(-42))/(-5)*14/(-3). Calculate the highest common divisor of h and w.
39
Let v(y) = -208*y - 1. Let m be v(-2). Let g be (-2)/4*-16 - (-30)/20*-2. What is the greatest common factor of m and g?
5
Suppose 120 = l - 0*l. Suppose 0 = 2*o - 3*x - 39, 13*o - 85 = 3*x + 218. What is the highest common divisor of o and l?
24
Suppose 0 = -3*g - 4*u + 314, 5*u + 53 - 176 = -g. Let h be -35*(-10)/5*36/90. Calculate the greatest common factor of h and g.
14
Suppose -1721 = -2*f - 4*w - 621, 3*f + w - 1615 = 0. What is the highest common factor of f and 3283?
67
Let w = 8767 - 7819. Calculate the greatest common divisor of w and 84.
12
Suppose -4*s = -7*s + 1053. Suppose 58 = -g + 85. Calculate the highest common factor of s and g.
27
Suppose -3*u = 4*w - 11, 3*w + 4*u = 5*u + 5. Suppose 3*r - 92 = 10*j - 9*j, 56 = w*r - 2*j. Calculate the greatest common factor of r and 128.
32
Let l = -5064 - -5076. What is the greatest common divisor of 2532 and l?
12
Suppose -2 - 24 = -2*q. Let y = q - 22. Let b be 0 - -14 - (-36)/y. What is the greatest common divisor of 50 and b?
10
Suppose 2*s = -0*q + 5*q - 21, -s = 5*q - 12. Suppose 2*t = q*l - 55, -40 = -5*l + t + 54. Calculate the greatest common factor of 19 and l.
19
Let q = -15 + 11. Suppose -3*y + 21 = -t - 13, -2*y - t = -26. Let w be y/(q/(-1))*21. What is the greatest common divisor of w and 9?
9
Let h(l) = -l**3 - l**2 - 5*l - 356. Let b be h(0). Let s = 361 + b. What is the highest common divisor of s and 145?
5
Suppose -3*g - 698 = -y, 2*y + 5 = -3. Let b = g + 267. Calculate the greatest common divisor of 11 and b.
11
Suppose c + y = 34 - 8, 69 = 4*c - 3*y. Let p be (5/(-4))/((-2)/8). Let t = p + c. What is the greatest common divisor of 39 and t?
13
Suppose 0 = 4*q - b - 63, -76*q + 74*q = b - 21. Calculate the highest common divisor of q and 22106.
14
Let s(h) = 270*h + 1145. Let y be s(-4). What is the greatest common factor of 169 and y?
13
Let m(p) = 3*p + 4. Let j be m(6). Suppose v - 3 = 0, 252 = 2*x + 4*v + 64. Let o be (-5)/((-80)/x)*18. What is the highest common divisor of o and j?
11
Suppose 4 = 5*a + 29. Let z be -136*a/6 + (-18)/54. Suppose 0 = -3*q + 5*w + 177, -2*q + z = -w - 4*w. Calculate the highest common divisor of 96 and q.
32
Suppose -93 = -34*m + 1471. Calculate the highest common divisor of m and 368.
46
Let t = -746 - -745. Let g(j) = -17*j + 1 + 3 - 5. Let i be g(t). Calculate the highest common factor of i and 4.
4
Let a(j) = -5*j**2 + 24*j - 253. Let r be a(10). Let b = r + 519. Let f = 30 + -21. Calculate the greatest common factor of b and f.
3
Suppose -3*f - 3 = -p - 5*f, 2*p = -5*f + 4. Suppose -16 = -j - 0*j. Suppose 19*i - j*i = 42. What is the greatest common divisor of p and i?
7
Suppose 6*s - 182 = 190. Suppose -s*f - 896 = -69*f. What is the greatest common factor of 32 and f?
32
Let i be (12 + -11)/(-3)*-2193. What is the greatest common factor of 387 and i?
43
Let v(s) = 2*s**2 + s + 10. Let c = 375 - 369. Let l be v(c). Calculate the greatest common divisor of 33 and l.
11
Let z = -5881 - -5958. What is the greatest common divisor of 253 and z?
11
Let g(s) = s + 3. Let q be g(5). Suppose 7824 = 320*a + 3984. Calculate the greatest common divisor of q and a.
4
Let z = 256 - 254. Suppose 7*q - z*t = 5*q + 62, -2*q + t + 66 = 0. What is the greatest common factor of 14 and q?
7
Suppose -127 + 47 = -5*o. Suppose 54*g = -6744 + 20568. Calculate the greatest common divisor of o and g.
16
Let z(d) = 4*d**3 + d**2 + d + 27. Let v be z(-5). Let r be (3 + v/(-12))/((-2)/(-8)). Let k = -129 + r. What is the highest common divisor of 102 and k?
34
Suppose -m = -17*m - 2208. Let y = -99 - m. What is the highest common divisor of 429 and y?
39
Let s be 27/(-15) + 3/(-15). Let c be s/(-5) - (-7790)/25. Suppose -4*h + c - 56 = 2*u, -255 = -2*u - 3*h. Calculate the highest common divisor of 18 and u.
18
Let a(f) be the second derivative of 10*f**3/3 + 2*f**2 + 53*f. Let y be a(5). What is the greatest common divisor of 91 and y?
13
Let m(d) = -d**3 - 14*d**2 + 25*d + 23. Let n be m(-13). Let k = -395 - n. Calculate the highest common divisor of k and 323.
19
Let k(p) = -p**2 - 6*p + 4. Let o be k(-6). Let a = -132743 - -132843. Calculate the highest common factor of a and o.
4
Let a(x) = -x + 18. Let i = -228 + 237. Let v be a(i). What is the greatest common divisor of v and 72?
9
Let s be 5 + 1/((-2)/(-4)). Suppose 0 = 3*g + g - 5*k - 31, -3*g = -2*k - 32. Let n be (-2)/g - (-300)/42. What is the greatest common factor of s and n?
7
Let f(h) = 2*h - 19. Let s = 72 - 59. Let z be f(s). Let y(q) = -q**3 + 20*q**2 + 24*q - 35. Let u be y(21). Calculate the highest common factor of z and u.
7
Let l(x) = -4*x**3 - 36*x**2 - 44*x + 18. Let n be l(-8). Suppose -2*v + 0*v + 380 = 0. Calculate the highest common divisor of n and v.
38
Let a be 240/18*576/10. Calculate the greatest common factor of 36 and a.
12
Let c be (3 + 2 - -346) + 1/1. What is the greatest common divisor of c and 121?
11
Suppose -179*n + 2849 - 411 = -126*n. Let f be 8/3*69*1. Calculate the greatest common divisor of f and n.
46
Let a = 5478 - 3885. Calculate the highest common factor of 118 and a.
59
Let t be (-17)/204*-14518 - 2/(-12). Calculate the greatest common factor of 110 and t.
110
Let m(s) = -13*s + 397. Let h(y) = 52*y - 1587. Let q(c) = 2*h(c) + 9*m(c). Let r be q(29). Suppose -a + 2 = -0. What is the greatest common divisor of a and r?
2
Suppose -953 - 2261 = -31*s + 2366. Calculate the highest common divisor of s and 740.
20
Let v be 6/12*4 + 2. Let h = 10 - 15. Let n = h - -9. What is the highest common factor of n and v?
4
Let b be (-42599)/(-451) + (-15)/33. What is the highest common factor of 4136 and b?
94
Let z(c) = -c + 14. Let o be z(-7). Let s(j) = 41 - 8*j**2 - 16 - o*j + 10*j**2. Let g be s(15). Calculate the greatest common factor of 64 and g.
32
Let q(f) = -f**3 + 9*f**2 + 10*f - 3. Let b be q(10). Let n be b/(-21) - 10/28*-22. Let w = n + 40. What is the highest common factor of 144 and w?
48
Suppose 6372 = 148*m - 142*m. Calculate the highest common factor of 144 and m.
18
Let u = -7630 + 7959. Calculate the greatest common factor of u and 1504.
47
Let z(p) = 30*p**3 + 3*p**2 - 13*p + 16. Let v be z(3). Calculate the greatest common divisor of 666 and v.
74
Suppose -11723 = -19*f + 5719. Calculate the highest common divisor of f and 72.
18
Let x be ((-8)/(-12) - -1 - 2)*-15. Let q be (-4)/(-10) - 168/70. Let v be (10/(-4))/(1/q). What is the greatest common factor of v and x?
5
Let v = -9510 - -9584. Calculate the greatest common divisor of 34 and v.
2
Let t(r) = 176*r + 15. Let g be t(6). Suppose -145*k + g = -138*k. Calculate the greatest common factor of k and 357.
51
Let g be ((-82)/(-8) - 6)/(1/4). Let h = -94 - -99. Suppose -114 - h = -r - 2*o, 0 = 4*r + 2*o - 476. What is the greatest common factor of r and g?
17
Let q(k) = 41*k. Let u be q(1). Let j(r) = -3257*r + 205. Let o be j(0). What is the highest common factor of o and u?
41
Let p = 371 + -296. Suppose 0 = -4*d + 3*z + 569, p = d + 4*z - 72. What is the greatest common factor of 13 and d?
13
Let t(k) = -63*k + 304. Let s be t(3). Calculate the highest common factor of 437 and s.
23
Let v = -1644 - -3470. Calculate the greatest common factor of 198 and v.
22
Suppose 4*p - 2*a = -2, 1 + 10 = 